 - 15. Let a(k) = 5*d(k) - 7*j(k). Let y = -4 - 1. What are the prime factors of a(y)?
2, 5
Suppose -f + 0*f - 6 = 2*s, 5*f - 5*s - 30 = 0. Let w(h) = h**2 - 3 + 4 - 2*h**f + 7*h. What are the prime factors of w(6)?
7
Suppose 4*l + 4 = 3*w - 7*w, 4*l + w - 11 = 0. Suppose -2*f + l*f - 16 = 0. What are the prime factors of ((-14)/f)/(2/(-8))?
7
Let m be 2/3 - (-15)/(-9). Let s = m + 5. List the prime factors of s.
2
Suppose 2*q - 5*q - 31 = -5*j, -5*j - 2*q = -21. Suppose -z + 15 = 2*z, 2*b = j*z - 97. What are the prime factors of 1*(-1 - b/2)?
17
Let t = -2 + 2. Suppose -2*g - 3*h + 45 = -3, -3*g + 2*h + 72 = 0. Suppose t = -u + 5*u - g. List the prime factors of u.
2, 3
Let t be 38/(-14) - (-6)/(-21). Let c = t + 4. What are the prime factors of (1 - c) + (-24)/(-4)?
2, 3
Let f = -38 - -61. List the prime factors of f.
23
Let h = -146 + 366. List the prime factors of h.
2, 5, 11
Suppose 4*r - 5*p + 18 = 67, p + 35 = 5*r. What are the prime factors of ((-16)/r)/(2/(-18))?
2, 3
Suppose 0 = -4*b, -4*q = 3*b + 2 - 10. Let r be q/5 - 8/(-5). Suppose 24 = 4*z - 2*s, -4 = r*s - 4*s. What are the prime factors of z?
7
List the prime factors of 163/7 - 8/28.
23
Let g(f) = f**3 - 5*f**2 - 10*f - 1. What are the prime factors of g(7)?
3
Let u be 6 - 7 - (-1 + -6). List the prime factors of 393/9 - u/(-18).
2, 11
Let h(o) = -o**3 - 12*o**2 - 17*o - 3. List the prime factors of h(-11).
3, 7
Suppose 3*i + 9 = 0, -h - 3*h = -5*i - 1087. What are the prime factors of h?
2, 67
Let x(c) = c**3 - 11*c**2 + 20*c - 13. List the prime factors of x(9).
5
List the prime factors of (-6360)/(-35) + 8/28.
2, 7, 13
Suppose 11 + 7 = -c. List the prime factors of 58/12 - 3/c.
5
Suppose -20 = -4*q, 4*q - 59 - 1 = -4*w. What are the prime factors of w + 2/(2/3)?
13
Let f = -2 + 5. Let x be f*(-1)/(-3) - 2. List the prime factors of (-2)/(-2)*(1 - x).
2
Suppose 5*x + 5 = 2*t, 3*x - 8 = -t - 0*t. What are the prime factors of ((-7)/(-14))/(x/18)?
3
Suppose -5*n + 220 = -10*n - 2*u, 2*n = u - 88. Let l = n - -25. Let y = l + 34. What are the prime factors of y?
3, 5
Let l = 186 - 63. What are the prime factors of l?
3, 41
List the prime factors of 1*45 - (1 - 1).
3, 5
Let s(q) = 6*q - 6. Let p be s(6). Let v = -2 + 5. Suppose 0 = 2*n + v*n - p. List the prime factors of n.
2, 3
Suppose 5*j - 5 = 0, -3*n - 3*j + 393 = -0*j. Suppose -2*r - 103 = -0*z - 3*z, 0 = -5*z - 5*r + n. What are the prime factors of z?
31
Suppose 2*o + 0*o - 16 = 0. Let k = o + 1. What are the prime factors of k?
3
Let z = -4 + 6. Let t be 1*z/(-4)*-6. Suppose -t*h - 5*d = 9, 2*h = -5*d + 1 - 12. What are the prime factors of h?
2
Suppose -9 = -g - 2*g. What are the prime factors of -3 + g/((-3)/(-32))?
29
Suppose -28*g + 11 = -27*g. List the prime factors of g.
11
Suppose -3*v = 5*d - 29, 2*v - 5*v = -d - 23. List the prime factors of (27/(-4))/((-3)/v).
2, 3
Let d(s) = s**2 + 2. Let w be (-1)/1*0/(-4). Let m be d(w). Suppose -3*r - 3*b + 41 = -r, m*b - 75 = -5*r. List the prime factors of r.
13
Let f = -4 + 3. Let r(n) be the first derivative of 16*n**3/3 - 6. List the prime factors of r(f).
2
Let d be 376/10 - (-21)/(-35). Suppose 5*n = b - d, 19 = b - 0*b + 4*n. List the prime factors of b.
3
Let h be 3 + (2 - 7/1). List the prime factors of (8/20)/(h/(-20)).
2
Let a be 11 + 2 + (-3 - -3). Suppose 2*q = -0*q + 5*r - a, 2*r = -5*q + 40. Let u = q + 2. What are the prime factors of u?
2
Let f(c) = -c**3 - 28*c**2 + 24*c - 8. List the prime factors of f(-29).
137
List the prime factors of ((-82)/(-8))/((-6)/(-48)).
2, 41
Let b be 0/1 + -1 + -1. Let u be 8/3 - b/6. Suppose -16 = -2*r - 5*p, -3*p = u*r - 6*r + 24. List the prime factors of r.
2
What are the prime factors of (-1)/(1/106*-2)?
53
Let n = 376 - 211. What are the prime factors of n?
3, 5, 11
Let c(j) be the second derivative of j**5/20 + 5*j**4/12 - j**3/6 + j. Let k be c(-4). Let r = -13 + k. What are the prime factors of r?
7
Let c(o) = -o**3 - 3*o**2 - 2*o + 2. Let n be c(-3). Suppose -3*r - 6 = -3*d, 5*d - 2*r = r + n. Let a = 6 + d. What are the prime factors of a?
7
Let w be 39/4 + (-1)/(-4). Let r = 41 + -35. Let u = w - r. What are the prime factors of u?
2
Suppose 5*t = -15 - 5. Let r(i) = 4*i - 1. Let b be r(1). Let q = b - t. What are the prime factors of q?
7
Let d be 99/6*6/(-9). What are the prime factors of 2/d + 2743/143?
19
Suppose 3*r - 7*r = 0. Suppose -2*w - 5*t + 93 = r, w - 44 = -t - 5. What are the prime factors of w?
2, 17
Let n = -11 - -27. Let z be (-12)/n - (-1)/(-4). List the prime factors of z - (-8 - (2 - 1)).
2
Let w be (-16)/3 + 6/(-9). Let u(c) = -2*c + 1. What are the prime factors of u(w)?
13
Suppose 1 = -n, 5*v - 138 = -0*n - 2*n. Suppose w = -3*c + v, -2*w + 16 = -0*w - 2*c. List the prime factors of w.
13
List the prime factors of (1*62)/(9/18).
2, 31
Suppose 800 = 5*f + 3*f. What are the prime factors of f?
2, 5
Let p be ((-8)/(-10))/(1/5). Suppose o - p*z - 7 = -2*o, 5*z = 5*o - 10. Suppose 0 = g - o - 5. What are the prime factors of g?
2, 3
Let w(a) = a**3 + a - 2. Let l be w(0). List the prime factors of l*(-23)/2 - -1.
2, 3
Let a be (-4)/8*(0 - 4). Suppose -a*g + 0*g = -b - 81, 4*g = 3*b + 159. List the prime factors of g.
2, 3, 7
Let b be (-7 - -4) + 20/(-2). Let g = b + 40. What are the prime factors of g?
3
Let i(z) = 3*z**3 - z**2 - z. What are the prime factors of i(2)?
2, 3
Let v = 217 - 196. What are the prime factors of v?
3, 7
Let p(q) = -5*q**2 - q + 1. Let z be p(1). Let k = z + 9. List the prime factors of k.
2
Suppose 0 = -4*u - 3*l + 75, -u - 4*u + 100 = 5*l. List the prime factors of u.
3, 5
Let k(v) = v**2 + 2*v - 5. Let q be k(-4). Suppose -3*w = -4*l - 62, w + q*l = 3 - 4. List the prime factors of w.
2, 7
Suppose -r - 4*k + 3 = -k, r = 5*k + 3. Suppose -r*q = -q. What are the prime factors of 11 + (0 - q/(-2))?
11
Suppose 5*b = 6 - 31, -4*p + 81 = -5*b. Let d(n) = -n**3 + 15*n**2 - 12*n - 15. What are the prime factors of d(p)?
13
Let w be ((-12)/(-8))/(2/4). Let p be ((-1)/w)/((-2)/174). Suppose -11 = i + 4*v - p, -2*i - 12 = -4*v. What are the prime factors of i?
2
Let b = -3 + 12. Let h = 92 + 14. What are the prime factors of h/b - 6/(-27)?
2, 3
Suppose 0 = 7*d - 9*d. Suppose d = -4*a - 4*u + 64, -4*a = 2*u - u - 52. What are the prime factors of a?
2, 3
Let t = -4 - -7. Suppose t*f - 24 = -f. What are the prime factors of f?
2, 3
Let z = -2 + -5. Let o(j) = 16*j + 1. Let v be o(-1). Let k = z - v. What are the prime factors of k?
2
Let a be (-2 + (-6)/(-3))/1. Suppose a = 2*q + 2*t - 0*t + 18, -5*t - 31 = 3*q. Let k(o) = o**3 + 8*o**2 + 5*o - 8. List the prime factors of k(q).
2, 3
Let b = -7 + 20. Let g = b + -1. What are the prime factors of (-2)/8 - (-99)/g?
2
Let s = -101 + 168. What are the prime factors of s?
67
What are the prime factors of ((-106)/4)/(1/(-2))?
53
List the prime factors of (-842)/(-18) - (-2)/9.
47
Suppose 11*k + 33 = 803. List the prime factors of k.
2, 5, 7
Let w(z) = 4*z**2 - 1. Let q be w(-1). Suppose q*i - 5*x + 4 = -1, -i + 2*x = 2. Suppose i*l + 2*l - 6 = -j, 5*j = -2*l + 22. What are the prime factors of j?
2
Let w be (0 + 1)/(2/(-6)). What are the prime factors of -1*(-2 - w)*-7?
7
Let d = -111 - -118. What are the prime factors of d?
7
Let u be (-58)/(-18) - (-4)/(-18). Suppose -u*a + 4*f = 11, 3*f + 35 = 5*a + 7*f. Suppose 5*g + a*m - m = 32, -5*m = 3*g - 23. What are the prime factors of g?
2, 3
Suppose 0 = -v - 0*v + 20. List the prime factors of ((-15)/12)/((-1)/v).
5
Suppose -2*y = c - 1, -c = 2 - 5. Let t be ((-2)/4)/(y/4). Suppose -3*q + 2*a = -63, -22 = -t*q + q + a. List the prime factors of q.
19
Let c(w) = 46*w**3 - w**2 - w. What are the prime factors of c(1)?
2, 11
Suppose 0*d = 5*d. Suppose d = v + 5*p - 48, -6*p + 136 = 5*v - 7*p. What are the prime factors of v?
2, 7
Let k(n) = 139*n. What are the prime factors of k(1)?
139
Let t(o) = -o**3 + 3*o**2 - o. Let p be t(2). Let c(u) = -2 + 4*u - u**3 + 5*u**3 - 1 - 2*u**3. What are the prime factors of c(p)?
3, 7
Let o = 3 + -1. What are the prime factors of o*6/8*2?
3
Let s(q) = -q**3 - 13*q**2 - 9*q + 10. Let d be s(-12). Let t = 55 + d. What are the prime factors of t?
29
What are the prime factors of ((-1)/2 - -1)*4 + 28?
2, 3, 5
Suppose 7*t - 10 = 2*t. Let n be (5/t)/(-5)*